1042903 a prime number?
False
Is 19696376837 a composite number?
False
Is 10078577251 prime?
True
Is 14872153 prime?
True
Is 4920805457 a prime number?
False
Is 5045671781 a prime number?
False
Is 1568545879 a composite number?
True
Is 1114399159 composite?
False
Is 9920257793 a composite number?
False
Is 175967633 a prime number?
True
Is 338989947 a composite number?
True
Is 54860861359 a composite number?
False
Is 1141698743 a prime number?
False
Is 26132763353 a composite number?
False
Is 74423357 a composite number?
False
Is 3726878657 prime?
True
Is 3400788707 composite?
False
Is 18573411533 a prime number?
True
Is 827495423 prime?
True
Is 2739698043 a composite number?
True
Is 11908885459 prime?
False
Is 36132315353 a composite number?
False
Is 6257294437 a composite number?
True
Is 107913612229 a prime number?
True
Is 567192547 composite?
True
Is 2475737321 a composite number?
False
Is 232342199 composite?
True
Is 18749528591 prime?
False
Is 312934613 a prime number?
True
Is 3512124169 a composite number?
False
Is 19540309 prime?
True
Is 6177572189 a composite number?
True
Is 1684119611 a prime number?
True
Is 146248606567 a composite number?
True
Is 3339751367 prime?
True
Is 10807519235 a composite number?
True
Is 1078595341 a composite number?
False
Is 1069191043 a composite number?
False
Is 138708959 a prime number?
True
Is 12107653559 prime?
True
Is 43544465 composite?
True
Is 39058631 composite?
False
Is 7597343827 prime?
True
Is 753166991 composite?
False
Is 569311577 prime?
True
Is 48647661763 composite?
False
Is 483413459 a prime number?
False
Is 372693551 a composite number?
True
Is 37427263781 prime?
True
Is 7785313511 prime?
True
Is 280912517 prime?
True
Is 838861729 composite?
True
Is 8638209991 a composite number?
False
Is 198141394661 prime?
False
Is 1657494593 composite?
False
Is 7078709891 a prime number?
False
Is 10449007817 prime?
False
Is 15845665387 a prime number?
False
Is 7688553653 a prime number?
False
Is 7445951081 a composite number?
False
Is 5014905971 prime?
True
Is 5429487821 a composite number?
True
Is 1415738339 a prime number?
True
Is 55898302121 prime?
True
Is 11759190043 composite?
True
Is 15338876587 a composite number?
False
Is 630725005 prime?
False
Is 17160547749 a prime number?
False
Is 710032027 a composite number?
True
Is 843482383 prime?
True
Is 87041029 a prime number?
True
Is 7989441797 a composite number?
True
Is 178719613 a prime number?
True
Is 110737057 a prime number?
False
Is 1529484581 a prime number?
True
Is 224718691 a composite number?
False
Is 1548316687 a prime number?
True
Is 10078867361 composite?
False
Is 57668736145 prime?
False
Is 23117781 prime?
False
Is 263444281 a composite number?
False
Is 364952747 a composite number?
False
Is 1152875237 a prime number?
True
Is 6575895077 a prime number?
True
Is 106035254243 a prime number?
True
Is 55920826097 composite?
True
Is 10340184433 prime?
True
Is 96524095739 a prime number?
True
Is 152814686063 composite?
True
Is 51852293447 composite?
False
Is 322980209 composite?
False
Is 244096279 composite?
True
Is 7185076489 composite?
True
Is 32188683403 a prime number?
True
Is 789252241 composite?
False
Is 1658132989 a composite number?
False
Is 21652165993 composite?
False
Is 523045373 a prime number?
True
Is 2237014193 a prime number?
False
Is 11245065119 composite?
False
Is 77432318383 a composite number?
True
Is 49710905533 a prime number?
False
Is 1368817511 composite?
False
Is 82124234191 prime?
False
Is 802530483 a composite number?
True
Is 4710474701 a prime number?
True
Is 77888554397 prime?
True
Is 7182133999 composite?
False
Is 310786361 a composite number?
True
Is 200394043 a composite number?
True
Is 47721252919 composite?
True
Is 869648537 a composite number?
True
Is 58327186534 a prime number?
False
Is 2325220501 a composite number?
True
Is 9198587 composite?
False
Is 2849185517 a prime number?
True
Is 4261325443 a composite number?
True
Is 63591257 composite?
False
Is 18095263 prime?
True
Is 1186863071 a prime number?
False
Is 2235429571 composite?
True
Is 8025280207 a prime number?
False
Is 2133524893 a prime number?
True
Is 1852115879 a prime number?
False
Is 640568083 a prime number?
True
Is 710333347 a prime number?
True
Is 142674773 a composite number?
True
Is 23317058521 a composite number?
True
Is 120995362013 a composite number?
False
Is 678850349 a composite number?
False
Is 22123044331 a prime number?
False
Is 2064113042 composite?
True
Is 2179200119 a prime number?
True
Is 5411025913 a composite number?
True
Is 2255832217 prime?
True
Is 10458922907 a prime number?
True
Is 282263881 a composite number?
False
Is 5237772413 composite?
False
Is 4744469503 composite?
False
Is 111605763 a composite number?
True
Is 14824201667 a prime number?
False
Is 311365237 a composite number?
True
Is 50050175729 prime?
False
Is 7025270807 prime?
True
Is 2812600573 a composite number?
False
Is 30105305501 prime?
True
Is 7484511011 a prime number?
False
Is 3478621 a prime number?
True
Is 905953721 prime?
True
Is 1255346329 a composite number?
False
Is 4028638049 a composite number?
False
Is 6821948027 composite?
True
Is 1858455629 composite?
True
Is 1497415211 prime?
True
Is 1232351389 a composite number?
True
Is 1025451641 composite?
True
Is 21485203943 a composite number?
True
Is 148131974453 prime?
True
Is 1651826843 a prime number?
False
Is 151655594939 composite?
False
Is 527366543 a composite number?
True
Is 30339805135 a prime number?
False
Is 34819021 a prime number?
False
Is 4578292079 a prime number?
False
Is 2659126141 a prime number?
False
Is 35304941197 a prime number?
True
Is 513878045 a composite number?
True
Is 249051787 prime?
True
Is 123771481 composite?
False
Is 19044411982 composite?
True
Is 39865648999 a composite number?
True
Is 16544485843 composite?
False
Is 192744504587 a composite number?
True
Is 7683644603 prime?
True
Is 7468790087 a prime number?
False
Is 29089012057 a prime number?
False
Is 32789519102 prime?
False
Is 34483851287 composite?
False
Is 53434546229 a prime number?
True
Is 1346294083 composite?
False
Is 217249603 composite?
True
Is 3269570789 a prime number?
False
Is 1249815179 prime?
True
Is 450896963 a composite number?
True
Is 1265258683 composite?
True
Is 115970683 a composite number?
False
Is 3910373179 a composite number?
False
Is 173973301 prime?
True
Is 1236988111 a prime number?
True
Is 5276811109 composite?
True
Is 648646907 composite?
True
Is 103258145927 composite?
False
Is 2158972087 composite?
False
Is 57157957 prime?
True
Is 29037198479 prime?
True
Is 32076274231 composite?
True
Is 1910685497 a prime number?
False
Is 2172692045 composite?
True
Is 1642181449 prime?
False
Is 34742898097 prime?
True
Is 1792501943 a composite number?
False
Is 8197483223 composite?
True
Is 1171794223 prime?
False
Is 1349610071 a composite number?
True
Is 513117259 composite?
True
Is 786752797 composite?
False
Is 47381318 a prime number?
False
Is 12493710389 a prime number?
True
Is 8923127777 prime?
True
Is 8498599261 composite?
True
Is 6829091027 prime?
False
Is 1356630391 composite?
False
Is 1312835779 composite?
False
Is 10648738255 composite?
True
Is 1893640769 composite?
False
Is 3998117507 prime?
False
Is 246232549 composite?
True
Is 6548008001 a composite number?
False
Is 1391714237 composite?
False
Is 202374896041 a composite number?
False
Is 2198627467 prime?
True
Is 2971777 a composite number?
False
Is 2352647929 a prime number?
True
Is 166559873 a prime number?
False
Is 3296030893 composite?
True
Is 670410821 a composite number?
False
Is 76015691 a prime number?
False
Is 853557239 a composite number?
False
Is 490850803 composite?
False
Is 107636301235 prime?
False
Is 25061527457 a prime number?
True
Is 2341880893 a prime number?
False
Is 21511997813 a prime number?
False
Is 1041880919 composite?
False
Is 2558129953 prime?
True
Is 13488485327 prime?
False
Is 101557381049 a prime number?
True
Is 46273789867 composite?
True
Is 28204503637 a composite number?
False
Is 5309992229 prime?
True
Is 29586482561 prime?
False
Is 9450325193 composite?
False
Is 26992761227 composite?
False
Is 2483987749 composite?
True
Is 43541629447 composite?
False
Is 9981599 prime?
True
Is 11282163983 prime?
True